{"id":401,"date":"2024-01-11T10:18:40","date_gmt":"2024-01-11T09:18:40","guid":{"rendered":"http:\/\/progressiopodlasie.pl\/?page_id=401"},"modified":"2024-03-19T16:32:13","modified_gmt":"2024-03-19T15:32:13","slug":"o-mnie","status":"publish","type":"page","link":"https:\/\/progressiopodlasie.pl\/?page_id=401","title":{"rendered":"O mnie"},"content":{"rendered":"\t\t<div data-elementor-type=\"wp-page\" data-elementor-id=\"401\" class=\"elementor elementor-401\" data-elementor-post-type=\"page\">\n\t\t\t\t<div class=\"elementor-element elementor-element-94387f1 e-flex e-con-boxed e-con e-parent\" data-id=\"94387f1\" data-element_type=\"container\" data-settings=\"{&quot;content_width&quot;:&quot;boxed&quot;}\" data-core-v316-plus=\"true\">\n\t\t\t\t\t<div class=\"e-con-inner\">\n\t\t<div class=\"elementor-element elementor-element-d6dcd46 e-con-full e-flex e-con e-child\" data-id=\"d6dcd46\" data-element_type=\"container\" data-settings=\"{&quot;content_width&quot;:&quot;full&quot;}\">\n\t\t\t\t<div class=\"elementor-element elementor-element-4526d06 elementor-widget elementor-widget-heading\" data-id=\"4526d06\" data-element_type=\"widget\" data-widget_type=\"heading.default\">\n\t\t\t\t<div class=\"elementor-widget-container\">\n\t\t\t<style>\/*! elementor - v3.19.0 - 28-02-2024 *\/\n.elementor-heading-title{padding:0;margin:0;line-height:1}.elementor-widget-heading .elementor-heading-title[class*=elementor-size-]>a{color:inherit;font-size:inherit;line-height:inherit}.elementor-widget-heading .elementor-heading-title.elementor-size-small{font-size:15px}.elementor-widget-heading .elementor-heading-title.elementor-size-medium{font-size:19px}.elementor-widget-heading .elementor-heading-title.elementor-size-large{font-size:29px}.elementor-widget-heading .elementor-heading-title.elementor-size-xl{font-size:39px}.elementor-widget-heading .elementor-heading-title.elementor-size-xxl{font-size:59px}<\/style><h2 class=\"elementor-heading-title elementor-size-default\">O mnie<\/h2>\t\t<\/div>\n\t\t\t\t<\/div>\n\t\t\t\t<div class=\"elementor-element elementor-element-0f62808 elementor-widget elementor-widget-text-editor\" data-id=\"0f62808\" data-element_type=\"widget\" data-widget_type=\"text-editor.default\">\n\t\t\t\t<div class=\"elementor-widget-container\">\n\t\t\t<style>\/*! elementor - v3.19.0 - 28-02-2024 *\/\n.elementor-widget-text-editor.elementor-drop-cap-view-stacked .elementor-drop-cap{background-color:#69727d;color:#fff}.elementor-widget-text-editor.elementor-drop-cap-view-framed .elementor-drop-cap{color:#69727d;border:3px solid;background-color:transparent}.elementor-widget-text-editor:not(.elementor-drop-cap-view-default) .elementor-drop-cap{margin-top:8px}.elementor-widget-text-editor:not(.elementor-drop-cap-view-default) .elementor-drop-cap-letter{width:1em;height:1em}.elementor-widget-text-editor .elementor-drop-cap{float:left;text-align:center;line-height:1;font-size:50px}.elementor-widget-text-editor .elementor-drop-cap-letter{display:inline-block}<\/style>\t\t\t\t<p style=\"text-indent: 35.4pt; background-image: initial; background-position: initial; background-size: initial; background-repeat: initial; background-attachment: initial; background-origin: initial; background-clip: initial;\"><span style=\"font-family: Arial, sans-serif;\">Nazywam si\u0119 Paulina Mas\u0142owska i od 2010 roku zajmuje si\u0119 pozyskiwaniem funduszy unijnych na rzecz tworzenia nowych przedsi\u0119biorstw, rozwoju istniej\u0105cych podmiot\u00f3w gospodarczych.\u00a0<\/span><\/p><p style=\"text-indent: 35.4pt; background-image: initial; background-position: initial; background-size: initial; background-repeat: initial; background-attachment: initial; background-origin: initial; background-clip: initial;\"><span style=\"font-family: Arial, sans-serif;\">Opracowuj\u0119 kompletne aplikacje projektowe z zakresu wsparcia w ramach zwrotnych instrument\u00f3w finansowych \u2013 po\u017cyczek ze wsparciem unijnym.\u00a0<\/span><\/p><p style=\"text-indent: 35.4pt; background-image: initial; background-position: initial; background-size: initial; background-repeat: initial; background-attachment: initial; background-origin: initial; background-clip: initial;\"><span style=\"color: var( --e-global-color-secondary ); font-size: var( --e-global-typography-text-font-size ); font-weight: var( --e-global-typography-text-font-weight ); text-align: var(--text-align);\"><span style=\"font-family: Arial, sans-serif;\">Moj\u0105 pasj\u0105 jest tak\u017ce wsp\u00f3\u0142praca z sektorem pozarz\u0105dowym. Wsp\u00f3\u0142pracuj\u0119 <br \/>z fundacjami, stowarzyszeniami realizuj\u0105c inicjatywy spo\u0142eczne wsp\u00f3\u0142finansowane ze \u015brodk\u00f3w samorz\u0105du terytorialnego, czy funduszy ministerialnych.\u00a0<\/span><\/span><\/p><p style=\"text-indent: 18pt; background-image: initial; background-position: initial; background-size: initial; background-repeat: initial; background-attachment: initial; background-origin: initial; background-clip: initial;\"><span style=\"font-family: Arial, sans-serif;\">W zakresie\u00a0 moich kompetencji jest kompleksowe wsparcie Klient\u00f3w w zakresie:<\/span><\/p><p style=\"margin-left: 36pt; text-indent: -18pt; background-image: initial; background-position: initial; background-size: initial; background-repeat: initial; background-attachment: initial; background-origin: initial; background-clip: initial;\"><!-- [if !supportLists]--><span style=\"font-family: Wingdings;\">\u00a7<span style=\"font-variant-numeric: normal; font-variant-east-asian: normal; font-variant-alternates: normal; font-kerning: auto; font-optical-sizing: auto; font-feature-settings: normal; font-variation-settings: normal; font-variant-position: normal; font-stretch: normal; font-size: 7pt; line-height: normal; font-family: 'Times New Roman';\">\u00a0 <\/span><\/span><!--[endif]--><span style=\"font-family: Arial, sans-serif;\">rzetelnej oceny kwalifikowania si\u0119 podmiotu do wymog\u00f3w danego konkursu\/ naboru,<\/span><\/p><p style=\"margin-left: 36pt; text-indent: -18pt; background-image: initial; background-position: initial; background-size: initial; background-repeat: initial; background-attachment: initial; background-origin: initial; background-clip: initial;\"><!-- [if !supportLists]--><span style=\"font-family: Wingdings;\">\u00a7<span style=\"font-variant-numeric: normal; font-variant-east-asian: normal; font-variant-alternates: normal; font-kerning: auto; font-optical-sizing: auto; font-feature-settings: normal; font-variation-settings: normal; font-variant-position: normal; font-stretch: normal; font-size: 7pt; line-height: normal; font-family: 'Times New Roman';\">\u00a0 <\/span><\/span><!--[endif]--><span style=\"font-family: Arial, sans-serif;\">przygotowanie sp\u00f3jnej koncepcji inwestycji wed\u0142ug logiki projektowej, powi\u0105zanej z dokumentami konkursowymi, kryteriami danego konkursu\/ naboru,<\/span><\/p><p style=\"margin-left: 36pt; text-indent: -18pt; background-image: initial; background-position: initial; background-size: initial; background-repeat: initial; background-attachment: initial; background-origin: initial; background-clip: initial;\"><!-- [if !supportLists]--><span style=\"font-family: Wingdings;\">\u00a7<span style=\"font-variant-numeric: normal; font-variant-east-asian: normal; font-variant-alternates: normal; font-kerning: auto; font-optical-sizing: auto; font-feature-settings: normal; font-variation-settings: normal; font-variant-position: normal; font-stretch: normal; font-size: 7pt; line-height: normal; font-family: 'Times New Roman';\">\u00a0 <\/span><\/span><!--[endif]--><span style=\"font-family: Arial, sans-serif;\">opracowanie pe\u0142nej aplikacji projektowej, pocz\u0105wszy od wniosku o dofinansowanie, wst\u0119pn\u0105 i wielowska\u017anikow\u0105 analiz\u0119 finansow\u0105 przedsi\u0119wzi\u0119cia, za\u0142\u0105czniki, dodatkowe dokumenty wymagane regulaminem konkursu\/ naboru,<\/span><\/p><p style=\"margin-left: 36pt; text-indent: -18pt; background-image: initial; background-position: initial; background-size: initial; background-repeat: initial; background-attachment: initial; background-origin: initial; background-clip: initial;\"><!-- [if !supportLists]--><span style=\"font-family: Wingdings;\">\u00a7<span style=\"font-variant-numeric: normal; font-variant-east-asian: normal; font-variant-alternates: normal; font-kerning: auto; font-optical-sizing: auto; font-feature-settings: normal; font-variation-settings: normal; font-variant-position: normal; font-stretch: normal; font-size: 7pt; line-height: normal; font-family: 'Times New Roman';\">\u00a0 <\/span><\/span><!--[endif]--><span style=\"font-family: Arial, sans-serif;\">monitorowanie procesu oceny aplikacji projektowej i udzielanie wszelkich uzupe\u0142nie\u0144 i wyja\u015bnie\u0144 wobec Instytucji Organizuj\u0105cej Konkursu,<\/span><\/p><p style=\"margin-left: 36pt; text-indent: -18pt; background-image: initial; background-position: initial; background-size: initial; background-repeat: initial; background-attachment: initial; background-origin: initial; background-clip: initial;\"><!-- [if !supportLists]--><span style=\"font-family: Wingdings;\">\u00a7<span style=\"font-variant-numeric: normal; font-variant-east-asian: normal; font-variant-alternates: normal; font-kerning: auto; font-optical-sizing: auto; font-feature-settings: normal; font-variation-settings: normal; font-variant-position: normal; font-stretch: normal; font-size: 7pt; line-height: normal; font-family: 'Times New Roman';\">\u00a0 <\/span><\/span><!--[endif]--><span style=\"font-family: Arial, sans-serif;\">przygotowanie Klienta do procesu podpisania umowy o dofinansowanie,<\/span><\/p><p style=\"margin-left: 36pt; text-indent: -18pt; background-image: initial; background-position: initial; background-size: initial; background-repeat: initial; background-attachment: initial; background-origin: initial; background-clip: initial;\"><!-- [if !supportLists]--><span style=\"font-family: Wingdings;\">\u00a7<span style=\"font-variant-numeric: normal; font-variant-east-asian: normal; font-variant-alternates: normal; font-kerning: auto; font-optical-sizing: auto; font-feature-settings: normal; font-variation-settings: normal; font-variant-position: normal; font-stretch: normal; font-size: 7pt; line-height: normal; font-family: 'Times New Roman';\">\u00a0 <\/span><\/span><!--[endif]--><span style=\"font-family: Arial, sans-serif;\">wsp\u00f3\u0142praca we wdra\u017caniu przedsi\u0119wzi\u0119cia inwestycyjnego (nadz\u00f3r nad prawid\u0142ow\u0105 realizacj\u0105 harmonogramu rzeczowo-finansowego, raportowanie do Instytucji wszelkiego rodzaju zmian),<\/span><\/p><p style=\"margin-left: 36pt; text-indent: -18pt; background-image: initial; background-position: initial; background-size: initial; background-repeat: initial; background-attachment: initial; background-origin: initial; background-clip: initial;\"><!-- [if !supportLists]--><span style=\"font-family: Wingdings;\">\u00a7<span style=\"font-variant-numeric: normal; font-variant-east-asian: normal; font-variant-alternates: normal; font-kerning: auto; font-optical-sizing: auto; font-feature-settings: normal; font-variation-settings: normal; font-variant-position: normal; font-stretch: normal; font-size: 7pt; line-height: normal; font-family: 'Times New Roman';\">\u00a0 <\/span><\/span><!--[endif]--><span style=\"font-family: Arial, sans-serif;\">rozliczenie i zamkni\u0119cie przedsi\u0119wzi\u0119cia inwestycyjnego.<\/span><\/p><p style=\"background-image: initial; background-position: initial; background-size: initial; background-repeat: initial; background-attachment: initial; background-origin: initial; background-clip: initial;\"><b><span style=\"font-family: Arial, sans-serif;\">Serdecznie zapraszam do kontaktu. <\/span><\/b><\/p><p style=\"background-image: initial; background-position: initial; background-size: initial; background-repeat: initial; background-attachment: initial; background-origin: initial; background-clip: initial;\"><b><span style=\"font-family: Arial, sans-serif;\">tel. kom.: 513\u00a0830\u00a0210<\/span><\/b><\/p><p style=\"background-image: initial; background-position: initial; background-size: initial; background-repeat: initial; background-attachment: initial; background-origin: initial; background-clip: initial;\"><b><span style=\"font-family: Arial, sans-serif;\">e-mail: <a href=\"mailto:biuro@progressiopodlasie.pl\">biuro@progressiopodlasie.pl<\/a> <\/span><\/b><\/p><p>\u00a0<\/p><p class=\"MsoNormal\">\u00a0<\/p>\t\t\t\t\t\t<\/div>\n\t\t\t\t<\/div>\n\t\t\t\t<\/div>\n\t\t<div class=\"elementor-element elementor-element-bf30917 e-con-full e-flex e-con e-child\" data-id=\"bf30917\" data-element_type=\"container\" data-settings=\"{&quot;content_width&quot;:&quot;full&quot;}\">\n\t\t\t\t<div class=\"elementor-element elementor-element-0407398 elementor-widget elementor-widget-image\" data-id=\"0407398\" data-element_type=\"widget\" data-widget_type=\"image.default\">\n\t\t\t\t<div class=\"elementor-widget-container\">\n\t\t\t<style>\/*! elementor - v3.19.0 - 28-02-2024 *\/\n.elementor-widget-image{text-align:center}.elementor-widget-image a{display:inline-block}.elementor-widget-image a img[src$=\".svg\"]{width:48px}.elementor-widget-image img{vertical-align:middle;display:inline-block}<\/style>\t\t\t\t\t\t\t\t\t\t<img fetchpriority=\"high\" decoding=\"async\" width=\"1024\" height=\"1024\" src=\"https:\/\/progressiopodlasie.pl\/wp-content\/uploads\/8abb8ac8-68fe-4cc8-9875-97c3480920b1.png\" class=\"attachment-large size-large wp-image-741\" alt=\"\" srcset=\"https:\/\/progressiopodlasie.pl\/wp-content\/uploads\/8abb8ac8-68fe-4cc8-9875-97c3480920b1.png 1024w, https:\/\/progressiopodlasie.pl\/wp-content\/uploads\/8abb8ac8-68fe-4cc8-9875-97c3480920b1-768x768.png 768w, https:\/\/progressiopodlasie.pl\/wp-content\/uploads\/8abb8ac8-68fe-4cc8-9875-97c3480920b1-200x200.png 200w, https:\/\/progressiopodlasie.pl\/wp-content\/uploads\/8abb8ac8-68fe-4cc8-9875-97c3480920b1-100x100.png 100w\" sizes=\"(max-width: 1024px) 100vw, 1024px\" \/>\t\t\t\t\t\t\t\t\t\t\t\t\t<\/div>\n\t\t\t\t<\/div>\n\t\t\t\t<\/div>\n\t\t\t\t\t<\/div>\n\t\t\t\t<\/div>\n\t\t\t\t<\/div>\n\t\t","protected":false},"excerpt":{"rendered":"<p>Nazywam si\u0119 Paulina Mas\u0142owska i od 2010 roku zajmuje si\u0119 pozyskiwaniem funduszy unijnych na rzecz tworzenia nowych przedsi\u0119biorstw, rozwoju istniej\u0105cych podmiot\u00f3w gospodarczych.\u00a0 Opracowuj\u0119 kompletne aplikacje projektowe z zakresu wsparcia w ramach zwrotnych instrument\u00f3w finansowych \u2013 po\u017cyczek ze wsparciem unijnym.\u00a0 Moj\u0105 pasj\u0105 jest tak\u017ce wsp\u00f3\u0142praca z sektorem pozarz\u0105dowym. Wsp\u00f3\u0142pracuj\u0119 z fundacjami, stowarzyszeniami realizuj\u0105c inicjatywy spo\u0142eczne wsp\u00f3\u0142finansowane [&hellip;]<\/p>\n","protected":false},"author":1,"featured_media":0,"parent":0,"menu_order":0,"comment_status":"closed","ping_status":"closed","template":"","meta":{"footnotes":""},"class_list":["post-401","page","type-page","status-publish","hentry"],"_links":{"self":[{"href":"https:\/\/progressiopodlasie.pl\/index.php?rest_route=\/wp\/v2\/pages\/401","targetHints":{"allow":["GET"]}}],"collection":[{"href":"https:\/\/progressiopodlasie.pl\/index.php?rest_route=\/wp\/v2\/pages"}],"about":[{"href":"https:\/\/progressiopodlasie.pl\/index.php?rest_route=\/wp\/v2\/types\/page"}],"author":[{"embeddable":true,"href":"https:\/\/progressiopodlasie.pl\/index.php?rest_route=\/wp\/v2\/users\/1"}],"replies":[{"embeddable":true,"href":"https:\/\/progressiopodlasie.pl\/index.php?rest_route=%2Fwp%2Fv2%2Fcomments&post=401"}],"version-history":[{"count":21,"href":"https:\/\/progressiopodlasie.pl\/index.php?rest_route=\/wp\/v2\/pages\/401\/revisions"}],"predecessor-version":[{"id":810,"href":"https:\/\/progressiopodlasie.pl\/index.php?rest_route=\/wp\/v2\/pages\/401\/revisions\/810"}],"wp:attachment":[{"href":"https:\/\/progressiopodlasie.pl\/index.php?rest_route=%2Fwp%2Fv2%2Fmedia&parent=401"}],"curies":[{"name":"wp","href":"https:\/\/api.w.org\/{rel}","templated":true}]}}